f 41352 and 648?
24
Calculate the greatest common factor of 166901 and 8862.
1477
What is the greatest common factor of 5169 and 30?
3
What is the highest common factor of 7519 and 15553?
103
Calculate the highest common divisor of 6200 and 10664.
248
What is the highest common factor of 6063 and 2679?
141
What is the highest common factor of 2528 and 776728?
632
Calculate the greatest common factor of 28 and 158396.
28
Calculate the greatest common divisor of 686144 and 284.
284
Calculate the greatest common divisor of 2823005 and 145.
145
What is the highest common divisor of 25 and 96650?
25
Calculate the highest common divisor of 2010 and 4090.
10
What is the highest common divisor of 50 and 89270?
10
Calculate the highest common factor of 1370624 and 6656.
512
What is the highest common divisor of 76560 and 4224?
528
What is the greatest common divisor of 271814 and 12236?
874
Calculate the highest common factor of 810 and 22248.
54
What is the highest common divisor of 698 and 3303634?
698
Calculate the highest common factor of 715524 and 108.
12
Calculate the greatest common divisor of 78613 and 5334.
127
Calculate the greatest common divisor of 73901 and 67.
67
What is the highest common factor of 192 and 3037992?
24
Calculate the greatest common factor of 3 and 33771.
3
What is the highest common factor of 16 and 18896?
16
What is the greatest common factor of 2289 and 3161?
109
What is the highest common factor of 744534 and 36?
18
Calculate the greatest common factor of 7 and 41.
1
What is the highest common factor of 506572 and 572?
44
Calculate the highest common factor of 99 and 1048311.
99
Calculate the greatest common divisor of 27 and 85563.
27
What is the greatest common factor of 120 and 1186040?
40
Calculate the highest common factor of 101959 and 7657.
403
Calculate the highest common divisor of 114 and 6235458.
114
Calculate the greatest common divisor of 48 and 564.
12
Calculate the greatest common factor of 486330 and 4680.
390
What is the highest common factor of 3750 and 950?
50
What is the greatest common divisor of 27528 and 1581?
93
What is the highest common divisor of 216 and 520088?
8
Calculate the highest common divisor of 608 and 3816.
8
What is the highest common divisor of 15067 and 1976?
247
What is the greatest common factor of 21 and 5894?
7
What is the highest common divisor of 476 and 4858?
14
What is the greatest common factor of 84 and 90396?
12
What is the greatest common factor of 247673 and 578?
289
What is the highest common divisor of 694843 and 59?
59
Calculate the greatest common factor of 1638 and 53046.
126
What is the highest common factor of 170 and 77265?
85
Calculate the highest common divisor of 325 and 20241.
13
What is the highest common divisor of 4266 and 432?
54
Calculate the highest common divisor of 6400 and 5200.
400
What is the highest common factor of 3551850 and 75?
75
Calculate the greatest common factor of 30828 and 197079.
1101
What is the highest common divisor of 3276856 and 11?
11
Calculate the highest common divisor of 7072470 and 18.
18
Calculate the greatest common divisor of 105550 and 3650.
50
Calculate the highest common factor of 2888901 and 9.
9
What is the highest common factor of 1950 and 139100?
650
Calculate the highest common divisor of 5544990 and 660.
330
What is the greatest common factor of 148 and 709?
1
What is the greatest common factor of 6 and 447033?
3
Calculate the greatest common divisor of 9856 and 51056.
16
Calculate the greatest common factor of 13140 and 118917.
657
Calculate the greatest common factor of 549 and 7592121.
549
What is the greatest common divisor of 143463 and 901?
17
Calculate the greatest common factor of 171 and 16047.
9
What is the greatest common divisor of 318 and 912?
6
What is the greatest common factor of 117198 and 4?
2
Calculate the greatest common divisor of 21 and 2902.
1
Calculate the highest common factor of 737 and 4433.
11
Calculate the greatest common divisor of 109 and 52974.
109
Calculate the greatest common divisor of 10 and 1147295.
5
Calculate the greatest common factor of 1450 and 302.
2
Calculate the greatest common factor of 268 and 1282179.
67
What is the greatest common divisor of 29150 and 29?
1
What is the highest common divisor of 1720 and 3400?
40
What is the greatest common divisor of 574 and 7954?
82
Calculate the highest common divisor of 27 and 2252403.
9
Calculate the highest common factor of 13 and 15431.
13
Calculate the highest common divisor of 5 and 26431.
1
What is the highest common divisor of 912 and 135088?
16
Calculate the highest common factor of 14352 and 364.
52
What is the highest common factor of 25 and 5965?
5
What is the greatest common factor of 128938 and 23?
23
What is the highest common factor of 375 and 263895?
15
What is the greatest common factor of 70478 and 19368?
538
Calculate the highest common divisor of 11 and 1331.
11
What is the highest common divisor of 18 and 181530?
18
What is the greatest common factor of 14429 and 517?
47
Calculate the highest common factor of 318 and 9915081.
159
What is the greatest common factor of 595 and 19295?
85
Calculate the highest common factor of 404 and 4242.
202
Calculate the greatest common divisor of 4249310 and 130.
130
Calculate the greatest common divisor of 1600 and 6464.
64
Calculate the greatest common divisor of 2482 and 782.
34
What is the greatest common divisor of 74 and 2554?
2
What is the highest common factor of 951 and 1219499?
317
Calculate the highest common factor of 404 and 47.
1
Calculate the highest common divisor of 90 and 4389030.
90
What is the highest common factor of 306140 and 20?
20
Calculate the greatest common divisor of 613 and 19969701.
613
What is the highest common divisor of 180 and 610710?
30
What is the highest common divisor of 12160 and 10980?
20
What is the greatest common divisor of 1547210 and 460?
230
Calculate the highest common factor of 388 and 3686.
194
Calculate the greatest common factor of 2937 and 100125.
267
What is the highest common factor of 102507 and 3?
3
What is the highest common factor of 432633 and 578?
289
Calculate the greatest common factor of 61152 and 18018.
546
Calculate the highest common divisor of 87 and 166663.
29
Calculate the highest common factor of 8 and 195268.
4
Calculate the highest common factor of 533640 and 24.
24
What is the greatest common factor of 66370 and 690?
10
Calculate the highest common divisor of 170825 and 250.
25
What is the highest common divisor of 552 and 1153680?
552
Calculate the greatest common factor of 99 and 315477.
9
What is the highest common divisor of 196 and 413?
7
What is the highest common divisor of 1935483 and 231?
33
Calculate the highest common divisor of 135 and 6858.
27
What is the greatest common factor of 180 and 2382216?
12
Calculate the highest common factor of 567 and 2862.
27
Calculate the highest common divisor of 840 and 2490.
30
Calculate the highest common divisor of 99 and 20581.
11
What is the highest common factor of 672 and 9786?
42
What is the greatest common factor of 22608 and 282?
6
Calculate the highest common factor of 880 and 24805.
55
What is the highest common divisor of 144 and 1730700?
36
Calculate the greatest common divisor of 18084 and 96.
12
Calculate the highest common divisor of 25620 and 28365.
915
What is the highest common divisor of 10 and 428470?
10
What is the highest common factor of 72933 and 1359?
453
What is the highest common divisor of 488 and 69906?
122
Calculate the highest common factor of 715 and 59785.
55
What is the highest common divisor of 735 and 2760?
15
Calculate the highest common factor of 3848 and 312.
104
What is the greatest common factor of 822504 and 3?
3
Calculate the greatest common divisor of 65735 and 1.
1
Calculate the highest common factor of 546 and 266.
14
What is the highest common factor of 33030 and 405?
45
What is the greatest common factor of 1220 and 86315?
305
Calculate the highest common factor of 179334 and 246.
246
What is the highest common factor of 5312 and 7885?
83
What is the greatest common divisor of 1339 and 1781?
13
Calculate the highest common divisor of 570422 and 73.
73
Calculate the greatest common divisor of 143 a